- 1. Give v(l).
5
Let n(j) = -17*j + 12*j + 6*j - 3 - 2. Calculate n(-4).
-9
Let b(l) be the third derivative of -l**6/120 + 13*l**5/60 - 7*l**4/12 + 27*l**2 - 5. Give b(12).
-24
Let n(k) = 116 + 115 - 406 + k + 100 + 108. Determine n(-25).
8
Let r(q) = -q**2 - 4*q + 3 + 0*q + 4 - 4. Suppose -2*a - a + 2*p - 12 = 0, 3*a = 3*p - 12. Give r(a).
3
Let t(w) = -w**3 + 10*w**2 - 11*w + 13. Let b be t(9). Let j(n) = n + 11. Let m(z) = -z - 10. Let r(c) = b*m(c) - 4*j(c). Give r(5).
11
Let i(b) = -9*b - 17. Suppose -4*c + 2 = 2*m, -c + 8 = -109*m + 111*m. What is i(c)?
1
Let z be 8 + 1/(1/(-3)). Let t(y) = -9*y - y - 10*y + 7 + 17*y. What is t(z)?
-8
Let u(m) = 2*m + 15 + 17 + 2*m**2 - 26 + 9*m. What is u(-4)?
-6
Let y(l) = l + 8. Suppose 3*b + 5*z = 91, -2*z = -2*b - 3*b + 162. Suppose -b - 18 = -5*q. Suppose 0 = 2*p - 4*p - 2*v - q, -4*v - 4 = 0. What is y(p)?
4
Let t be (-114)/171*(2 + (-10)/(-4)). Let a(j) = -6 - 2*j**2 - 2 + 3*j**2 + 4 + 2*j. Determine a(t).
-1
Let d(r) = 8*r**3 - 2*r**2 + r. Let g be 2/5 + (-908)/20. Let x be (-415)/g - (-4)/(-18). Let b be 6/x - (-1)/3. Determine d(b).
7
Suppose -3*j + 0 + 6 = 0. Let w(d) = -2*d**2 + 2*d + j*d**2 - 1 - 6*d**2. Suppose -u - 8 = -9. Determine w(u).
-5
Let d(x) = 2*x + 2 - 2. Suppose 10 = 4*q + q + 4*o, 4*q = 2*o + 8. Suppose 3*r = v + 2*v + 9, q*r + 10 = -2*v. What is d(v)?
-8
Let l(d) be the second derivative of -d**4/12 + d**3/2 - d**2/2 + 5*d. Let p be l(2). Let u(z) = 2*z**3 - z + p + z**2 + 3*z**3 + 0*z. Calculate u(1).
6
Let x(n) = n + 10. Let i be (-10 - 1)/(1*(2 + -1)). Calculate x(i).
-1
Let y(w) = w**2 - 1. Suppose 2*s - s - 3 = l, 4*l + 10 = 3*s. Determine y(s).
3
Let q(l) = -l**3 - 8*l**2 + 8*l - 9. Suppose -10*u = -25*u - 135. Determine q(u).
0
Suppose 4*o = -o + 145. Suppose 0 = k + 5*w - o, -4*k - 5*w + 7 = -34. Let v(s) = s**2 - 4*s - 3. Give v(k).
-3
Let l(u) = 3*u**3 + 7*u**2 + 11*u - 2. Let o(h) = h + 6. Let i be o(2). Let z(k) = 5*k**3 + 11*k**2 + 17*k - 3. Let m(q) = i*l(q) - 5*z(q). Give m(2).
1
Let i(y) = -y + 15. Suppose -3766 = 5*c - 3846. Give i(c).
-1
Suppose -5 = -3*h + f, -2*h = 3*f - 25 + 7. Let q(j) be the third derivative of 36*j**2 + 1/24*j**4 - 5/6*j**3 + 0 + 0*j. Calculate q(h).
-2
Let m(d) = 5*d**2 + 16*d - 1. Let z be m(-3). Let q(o) = 4*o + 3. What is q(z)?
-13
Let c = 102 - -19. Let p(d) be the first derivative of -4*d**2 + c - 117 + 5*d**2. Give p(-6).
-12
Let q(h) = -h - 5. Let c be q(-5). Let m(w) = 0*w**2 + 27 - 61 + 28 + w**2. What is m(c)?
-6
Let u(j) = j**2 - 2*j - 6. Suppose -p - 3*l - 1 = -0, -4*p = 4*l - 20. Suppose -z - 3 = -p. Determine u(z).
9
Let n(l) = -l**3 - 5*l**2 - 2*l + 2. Let z be n(-4). Let y(o) = 11*o + 23. Let u(w) = -6*w - 12. Let s(h) = -7*u(h) - 4*y(h). Give s(z).
4
Let z(l) = -l - 1. Let r be z(-2). Let y be (3 - 6) + 6 + -1. Let o(g) = -y*g**3 - 3*g**2 + r - 2*g + 3*g**3 + 2*g**2 - 3*g**2. What is o(4)?
-7
Let y(s) be the third derivative of -s**6/120 + 7*s**5/60 + 11*s**4/24 - s**3 + 2*s**2. Let z(w) = w**2 + w. Let l(u) = y(u) - 4*z(u). Determine l(4).
6
Let h(j) be the third derivative of -j**7/840 + j**6/60 + j**5/60 - 3*j**4/8 - 7*j**3/3 + 7*j**2. Let z(k) be the first derivative of h(k). Determine z(6).
3
Let s(t) = -55*t - 2 - 3*t + 56*t + 13*t**2. What is s(-1)?
13
Let p(g) = -4*g**3 + 9*g**2 + 4*g + 6. Let d(f) = f**3 - f**2 - f - 2. Let z(n) = -5*d(n) - p(n). Suppose -2*r - 6 = -b, -b = 5*r + 2*b + 15. Determine z(r).
-8
Let d(h) = h. Suppose 2*o - 24 = -12. Suppose o*p + 2 = -34. Determine d(p).
-6
Let p(i) = 12*i - 2. Let x = -1752 - -1750. Determine p(x).
-26
Let q = 5 + -1. Let b = 6 - q. Let d(f) = -2*f + 0 + 1 - 5 + 3. Give d(b).
-5
Let j(t) = -3*t - 4 + 8*t - 6*t. Let d be j(4). Let a = d - -10. Let r(q) = q - 1. What is r(a)?
1
Let l be (-4)/2*1*-2. Let w(u) = -u**3 + 2*u**2 + 2*u - 1. Let r(j) = -j**2. Let b(y) = -2*r(y) + w(y). Determine b(l).
7
Let r(g) = 3*g. Let i be -3 - (6/(-3))/2. Give r(i).
-6
Let u(y) = 4*y**2 + 6*y + 4. Let w be u(-1). Let z(a) = -w*a**3 + 2*a + 24*a**2 - 12*a**2 - 14*a**2 + a**3. Determine z(-3).
3
Let h(c) = -4*c - 25. Let l(f) = f + 6. Let s(x) = -2*h(x) - 9*l(x). Let v be s(-3). Let y(b) = -26*b**3 - 2*b**2 - b. Determine y(v).
25
Let t(l) = -3*l - 32. Let y(s) = 9*s + 22. Let b(w) = 5*w + 11. Let n(q) = 7*b(q) - 4*y(q). Let j(i) = 7*n(i) - 2*t(i). Suppose -3*c - 30 = 2*c. Give j(c).
-7
Let x be 2*2*(-11)/(-22). Let g(a) = -a**2 + 21*a + 1. Let c be g(21). Let i(l) = -l**2 - 2*l**2 + 0 + c + 2*l**3. Determine i(x).
5
Let t(j) = 203 + 0*j**2 + 4*j + j**2 + 212 + j - 409. What is t(-4)?
2
Let f(t) = -18*t + 35*t - 9*t - 8*t - 3*t**2 + t**3 - 4. Give f(4).
12
Let t(m) = -m**2 - 15*m + 6. Let y(u) = u**2 + 13*u - 5. Let d(r) = -4*t(r) - 5*y(r). What is d(-7)?
-13
Let t(y) = -y - 4. Let f be (-22)/(-3 + 9 + -4). Calculate t(f).
7
Let u(q) = q**3 - 4*q**2 - 3*q - 2. Suppose 4*p = f + 18, 55*p + 2*f = 54*p. What is u(p)?
-14
Let i be (-570)/(-110) - (-4)/(-22). Suppose 174 = i*h + 69. Let b(v) = 1 - 5*v**2 - 23*v + 44*v - h*v + v**3. Give b(5).
1
Let t(z) = z**2 - 7*z - 2. Suppose a = -5*g - 48, 0 = 3*a - a + 2*g + 96. Let s = -43 - a. Determine t(s).
-12
Let o(t) be the third derivative of -t**4/12 + 2*t**3/3 + 8*t**2 - 71*t. Suppose -3*v = v - 20. Determine o(v).
-6
Let x(q) = 3*q**2 - q + 1. Let k(p) = p**3 - 10*p**2 + 4*p - 12. Let j be k(9). Let y = 59 + j. What is x(y)?
11
Let v(q) = 26 - 22 - 3*q - 4*q - q**2. Let x = 138 + -145. Calculate v(x).
4
Let c be (-2)/(-5) + (-160)/25. Let b(a) be the second derivative of 13*a + 0 + 1/2*a**3 + 5/2*a**2. Determine b(c).
-13
Let h(k) be the second derivative of -k**5/20 - 3*k**4/2 - 7*k**3/3 + 19*k**2 + 237*k. What is h(-17)?
-13
Let n = 689 - 486. Let y(g) = g - 2*g - 188 + n. Calculate y(7).
8
Let k(s) = -3*s + 1 + 0*s - 3*s + 1 - 9. What is k(6)?
-43
Let c(k) = -k**3 - 10*k + 12*k**2 + 30 - 13 - 10 - 16. Let f(s) = s**3 - 5*s**2 + 3*s - 4. Let l be f(5). Calculate c(l).
2
Let k(b) = -b**2 + 12. Let t(d) = -d - 7. Suppose 10*r = 7*r - 21. Let v be t(r). What is k(v)?
12
Suppose 2*b + 21 = 4*t - 3, -3*b - 15 = -3*t. Suppose t = 3*y - 59. Let p = y + -16. Let j(l) = -l**3 + 6*l**2 - l - 4. Calculate j(p).
-10
Let q(t) be the first derivative of t**5/40 + t**3 - 11. Let f(i) be the third derivative of q(i). Determine f(6).
18
Let n(b) = 128*b - 24 - 272*b + 145*b. Determine n(31).
7
Let a(g) = g**3 - 5*g**2 - 5*g + 2. Suppose -m + z + 1 = -2*z, 2*z - 22 = -5*m. Let y(w) = -w**3 + 6*w**2 + 6*w - 2. Let v(t) = m*a(t) + 3*y(t). What is v(2)?
-2
Let s(w) = 3 + 1 + 9 - w - 11. Let a(i) = i - 2. Let k(p) = -6*a(p) - 7*s(p). Calculate k(4).
2
Let g(l) = -l**2 - 9*l - 6. Let t be 5 - -2*1/2. Suppose -t*k = 30 + 12. What is g(k)?
8
Let a = 76 - 77. Let b(u) = 19*u**3 + 4*u**2 - 3*u. Let h(m) = -20*m**3 - 5*m**2 + 4*m. Let s(c) = 4*b(c) + 3*h(c). Determine s(a).
-15
Let t = 107 - 105. Let j(l) = -l**2 - l + 4. Let y be j(t). Let x(a) = -2*a**2 - 3*a - 2. Calculate x(y).
-4
Let j be (-3 - (-3 - 4)) + 0. Let f(z) = z**3 - 7*z**2 + 6*z - 5. Let a(m) = -3*m**3 + 22*m**2 - 18*m + 16. Let y(r) = 2*a(r) + 7*f(r). What is y(j)?
5
Let f(c) = -c**3 + 2*c**2 + 3*c + 3. Let g be f(3). Suppose -4*q - y - 4 = -6*q, -g*q = 5*y + 7. Let w(s) be the first derivative of 2*s**3/3 + 2. Give w(q).
2
Let s = 20 - 28. Let j(r) be the first derivative of -r**3/3 - 9*r**2/2 - 9*r + 1594. Determine j(s).
-1
Let y be (127 - 118) + -1*5. Let m(w) be the first derivative of -1/2*w**y - w**2 - w**3 - 9 - 3*w. Determine m(-2).
5
Suppose 5*o = -10*x + 5*x + 20, -o - 8 = -5*x. Let t(c) = 5*c**2 - 4*c + 7*c**2 - 5*c**3 - 3*c**2 + 2 + 6*c**3 - 6*c**2. Calculate t(o).
14
Let d(x) = -3*x**2 + 7*x - 1. Let s(q) = q**2 - q - 1. Let m = 6 + -1. Suppose k - m = 4*v, k + 4*v = -4 + 1. Let r(w) = k*d(w) + 2*s(w). Determine r(3).
3
Let z(m) = -m**2 - 60 + 105*m + 55 - 101*m. Calculate z(4).
-5
Let w(k) = 3353*k**3 - 10 + 0*k - 8*k**2 - 3354*k**3 - k. Determine w(-8).
-2
Let s(y) = 4*y**2 - 9*y - 16. Let k(w) = -5*w**2 + 10*w + 17. Let n(r) = 3*k(r) + 4*s(r). Determine n(7).
-6
Let d(m) = -2*m**3 + 2*m + 2. Let t = -18 + -8. Let l = t + 30. Suppose -l*n + n - 6 = 0. What is d(n)?
14
Let y be (-150)/(-10)*(-2)/(-6). Let i(o) be the second derivative of -y*o - o**3 + 92*o**2 - 92*o**2. Deter